mainder when 23255 is divided by 147?
29
What is the remainder when 260 is divided by 146?
114
What is the remainder when 156687 is divided by 374?
355
What is the remainder when 12881 is divided by 561?
539
What is the remainder when 37918 is divided by 462?
34
What is the remainder when 503248 is divided by 141?
19
Calculate the remainder when 13170 is divided by 46.
14
Calculate the remainder when 4987 is divided by 98.
87
Calculate the remainder when 36450 is divided by 18225.
0
Calculate the remainder when 5810 is divided by 445.
25
Calculate the remainder when 12863 is divided by 31.
29
Calculate the remainder when 261942 is divided by 478.
476
What is the remainder when 2282285 is divided by 16?
13
What is the remainder when 109628 is divided by 1825?
128
What is the remainder when 3360 is divided by 89?
67
What is the remainder when 5679 is divided by 39?
24
Calculate the remainder when 38945 is divided by 194.
145
Calculate the remainder when 575 is divided by 281.
13
What is the remainder when 26883 is divided by 100?
83
What is the remainder when 12999 is divided by 2837?
1651
Calculate the remainder when 117346 is divided by 117346.
0
Calculate the remainder when 109380 is divided by 26.
24
Calculate the remainder when 6475 is divided by 3210.
55
What is the remainder when 112753 is divided by 67?
59
What is the remainder when 5592 is divided by 569?
471
Calculate the remainder when 818 is divided by 101.
10
What is the remainder when 957 is divided by 536?
421
Calculate the remainder when 27564 is divided by 9172.
48
Calculate the remainder when 4638 is divided by 835.
463
Calculate the remainder when 62278 is divided by 10373.
40
Calculate the remainder when 7737 is divided by 1920.
57
What is the remainder when 596 is divided by 172?
80
What is the remainder when 95244 is divided by 118?
18
Calculate the remainder when 3084601 is divided by 823.
820
Calculate the remainder when 11453 is divided by 229.
3
What is the remainder when 86466 is divided by 51?
21
What is the remainder when 12680 is divided by 29?
7
Calculate the remainder when 1891979 is divided by 230.
229
Calculate the remainder when 708653 is divided by 498.
497
Calculate the remainder when 592937 is divided by 354.
341
What is the remainder when 63419 is divided by 16?
11
Calculate the remainder when 61648 is divided by 45.
43
Calculate the remainder when 75190 is divided by 43.
26
What is the remainder when 141749 is divided by 75?
74
What is the remainder when 129720 is divided by 242?
8
Calculate the remainder when 22199 is divided by 226.
51
What is the remainder when 222715 is divided by 87?
82
Calculate the remainder when 3322 is divided by 19.
16
Calculate the remainder when 15614 is divided by 114.
110
What is the remainder when 381179 is divided by 39?
32
What is the remainder when 2413 is divided by 36?
1
What is the remainder when 1856 is divided by 187?
173
Calculate the remainder when 295384 is divided by 147678.
28
Calculate the remainder when 3416 is divided by 682.
6
What is the remainder when 1331 is divided by 103?
95
Calculate the remainder when 6405 is divided by 722.
629
What is the remainder when 354622 is divided by 1299?
1294
Calculate the remainder when 1013 is divided by 32.
21
What is the remainder when 51473 is divided by 51461?
12
Calculate the remainder when 1158 is divided by 666.
492
Calculate the remainder when 11316 is divided by 683.
388
What is the remainder when 2501 is divided by 833?
2
Calculate the remainder when 3746 is divided by 926.
42
What is the remainder when 518011 is divided by 113?
19
Calculate the remainder when 1066135 is divided by 11979.
4
What is the remainder when 14 is divided by 5?
4
Calculate the remainder when 41795 is divided by 86.
85
What is the remainder when 232384 is divided by 17?
11
What is the remainder when 34005 is divided by 44?
37
What is the remainder when 315 is divided by 55?
40
What is the remainder when 3302 is divided by 658?
12
Calculate the remainder when 703 is divided by 568.
135
What is the remainder when 83194 is divided by 20?
14
What is the remainder when 617 is divided by 16?
9
What is the remainder when 181274 is divided by 112?
58
What is the remainder when 916 is divided by 198?
124
What is the remainder when 205597 is divided by 440?
117
Calculate the remainder when 115111 is divided by 55.
51
What is the remainder when 3345 is divided by 2322?
1023
Calculate the remainder when 558 is divided by 57.
45
Calculate the remainder when 386 is divided by 353.
33
What is the remainder when 3684 is divided by 1842?
0
Calculate the remainder when 1163 is divided by 285.
23
What is the remainder when 462515 is divided by 63?
32
What is the remainder when 2599 is divided by 188?
155
Calculate the remainder when 1032 is divided by 600.
432
Calculate the remainder when 19714 is divided by 1815.
1564
What is the remainder when 12461 is divided by 462?
449
What is the remainder when 296553 is divided by 46?
37
Calculate the remainder when 2478 is divided by 750.
228
Calculate the remainder when 759 is divided by 128.
119
Calculate the remainder when 2445 is divided by 25.
20
What is the remainder when 3415 is divided by 3?
1
What is the remainder when 328688 is divided by 32868?
8
What is the remainder when 36624 is divided by 12203?
15
What is the remainder when 3681937 is divided by 908?
905
Calculate the remainder when 9389 is divided by 1165.
69
What is the remainder when 13427 is divided by 210?
197
What is the remainder when 28945 is divided by 17?
11
What is the remainder when 14900 is divided by 353?
74
Calculate the remainder when 12973 is divided by 413.
170
Calculate the remainder when 44383 is divided by 12.
7
Calculate the remainder when 6975 is divided by 6948.
27
Calculate the remainder when 22880 is divided by 4573.
15
What is the remainder when 488112 is divided by 162?
6
What is the remainder when 50989 is divided by 4635?
4
Calculate the remainder when 6513387 is divided by 494.
491
What is the remainder when 27436 is divided by 105?
31
Calculate the remainder when 49460 is divided by 24.
20
What is the remainder when 61210 is divided by 18?
10
Calculate the remainder when 715 is divided by 9.
4
Calculate the remainder when 135108 is divided by 59.
57
What is the remainder when 238211 is divided by 88?
83
What is the remainder when 381904 is divided by 21?
19
What is the remainder when 6327 is divided by 28?
27
What is the remainder when 491114 is divided by 1129?
1128
What is the remainder when 1355 is divided by 22?
13
Calculate the remainder when 20231 is divided by 173.
163
What is the remainder when 9550 is divided by 107?
27
What is the remainder when 1118 is divided by 505?
108
What is the remainder when 916 is divided by 282?
70
What is the remainder when 49379 is divided by 12?
11
Calculate the remainder when 3431 is divided by 33.
32
Calculate the remainder when 4756 is divided by 48.
4
What is the remainder when 5492 is divided by 25?
17
What is the remainder when 1313 is divided by 332?
317
What is the remainder when 1809147 is divided by 70?
67
Calculate the remainder when 2851885 is divided by 629.
628
What is the remainder when 296381 is divided by 64?
61
What is the remainder when 9492 is divided by 328?
308
What is the remainder when 24419 is divided by 11?
10
What is the remainder when 6564 is divided by 752?
548
What is the remainder when 7607 is divided by 40?
7
What is the remainder when 6991 is divided by 1330?
341
Calculate the remainder when 216672 is divided by 2928.
0
What is the remainder when 573 is divided by 494?
79
Calculate the remainder when 506 is divided by 126.
2
What is the remainder when 3188475 is divided by 354?
351
Calculate the remainder when 12404 is divided by 127.
85
What is the remainder when 2604837 is divided by 14?
11
What is the remainder when 25883 is divided by 196?
11
Calculate the remainder when 200542 is divided by 1337.
1329
Calculate the remainder when 514173 is divided by 655.
653
Calculate the remainder when 52614 is divided by 30.
24
Calculate the remainder when 110941 is divided by 96.
61
What is the remainder when 7866 is divided by 25?
16
Calculate the remainder when 1577 is divided by 546.
485
What is 